3 - 3*g**2 + 19*g. Calculate a(l).
-16
Suppose i - 4*i + 33 = 0. Suppose -i*o = -16*o. Let w(x) = x**3 - x**2 + x + 25. Calculate w(o).
25
Suppose -4*o = 2*c - 6, -o = -4*c - 4*o + 2. Let q(d) = d + 217. Let u(t) = -18*t - 3472. Let z(n) = 48*q(n) + 3*u(n). Calculate z(c).
6
Let u = -6 - -9. Let p(o) = o - 5 - o - u*o + 2*o. Suppose -5 = 2*g - 15. What is p(g)?
-10
Let l be (0 - (-1)/3) + (-56)/(-12). Let m be (l - -19) + (-1)/(-2)*-6. Let o(c) = -m*c**2 - c + c + 9*c**2. Calculate o(1).
-12
Let f be 90/(-9)*(-5)/(-10)*-1. Let q(p) = -2*p**3 + 11*p**2 - p - 10. Calculate q(f).
10
Let h(u) = 2*u**3 - 27*u**2 + 58*u - 45. Let s(m) = 14*m - 3. Let y(l) = -h(l) + 3*s(l). What is y(13)?
-3
Let y(a) = 12*a - 3. Let i be y(-3). Let j be (1*2)/((-26)/i). Let u(w) = -10*w. Let p(l) = 11*l + 1. Let b(n) = j*p(n) + 4*u(n). Give b(2).
-11
Let g(q) = 2*q**2 - 6*q + 2. Suppose 0 = -2*c - 2, -5*c - 22 = -4*r - 9. Let a be (1 + r/(-1))/(3/81). Let s = -23 - a. Determine g(s).
10
Let g(q) be the third derivative of q**5/60 + q**4/8 - q**3/3 + 23*q**2. Let a = -75 + 43. Let i = -30 - a. Give g(i).
8
Let y(r) = -369*r**2 + 0 + 364*r**2 + r**3 - 5*r + 8. Let b(t) = t**3 - 4*t**2 - 5*t + 7. Let u(q) = -4*b(q) + 3*y(q). Give u(3).
-7
Let p(z) = -z**3 + 9*z**2 - 14*z + 50. Let k be (-505)/202*1*2 - -13. Determine p(k).
2
Let r(k) be the third derivative of -k**8/1440 - k**7/5040 + k**6/720 + 23*k**5/30 - 50*k**2. Let i(b) be the third derivative of r(b). Calculate i(1).
-14
Let w = 420 - 396. Suppose 0*d + 3*d = a + 23, 3*a + 27 = 2*d. Suppose -w = 2*n - d*n. Let p(v) = -v**2 + 7*v + 1. Give p(n).
7
Let q(d) = d**3 - 4*d**2 + 2*d - 2. Let t be ((-6)/(-7))/(150/525). Suppose 10 = -2*l, -w = -t*l - 12 - 7. Give q(w).
6
Suppose 4*i + 6*x = 3*x + 1309, -3*x = -3*i + 987. Let v = -13 - -20. Let y(f) = -v - 326*f**2 + i*f**2 + 3. What is y(-4)?
28
Let y(t) be the second derivative of t**6/360 - 3*t**5/40 - t**4/2 - t**2/2 - 102*t + 2. Let z(b) be the third derivative of y(b). Give z(5).
1
Let n = 67 + -64. Let z(c) = 363*c + 8*c**2 - 3 + c**n - 4 - 357*c. Suppose -19*h - 77 = -8*h. What is z(h)?
0
Let v(k) be the third derivative of -1/6*k**3 + 21*k**2 - 1/60*k**5 + 3/8*k**4 + 0*k + 0. Give v(8).
7
Let r(k) = 2*k**3 + 19*k**2 - 26*k + 108. Let v(d) = -d**3 - 9*d**2 + 14*d - 61. Let h(g) = 4*r(g) + 7*v(g). Give h(-14).
-107
Suppose 6*y - 11 + 5 = 0. Let r(f) = -26*f - 7. Let j(n) = 24*n + 6. Let k(u) = -6*j(u) - 5*r(u). Give k(y).
-15
Suppose -23*p = -2*p - 3759. Let u = p - 184. Let h(o) = o**3 + 5*o**2 + o + 7. Determine h(u).
2
Suppose 0 = -3*c + h + 14, 0*c - 4*c + 8 = 4*h. Let w(g) = -g**3 - 14 + g + 2*g - c*g - g**2. Calculate w(0).
-14
Let j(l) = 4*l**2 - 23*l - 4. Let h be j(6). Let z(y) = 7*y - 1 + 3*y**h - y**2 + 0*y**2 - 3*y**2. Suppose 8*r - 33 = 7. What is z(r)?
9
Let g(s) = 4*s + 3. Let z(k) = -2*k**2 - k - 2. Let q be 2/(-6 + (-1 - -5)). Let y be z(q). Determine g(y).
-9
Let q be (21 + -22)/(1/9). Let u(g) = -g**3 - 11*g**2 - 20*g - 25. What is u(q)?
-7
Let n(q) = 3*q - 3. Suppose 6 = k + 2*t, 8*t - 5*t + 19 = 2*k. Suppose -4*i + k = -4*j, -4*i + 10 = -0*j - 2*j. What is n(i)?
6
Let j(i) = -6*i - 78. Let v(u) = -u - 15. Let d(y) = j(y) - 5*v(y). Let h be 5/15 - 88/(-6). Let b = -9 + h. Calculate d(b).
-9
Let h(c) = c**2 - 14*c - 49. Let v be h(17). Let q(s) = -10 - 2*s - 7 + 4 + 25*s - 2*s**v. Determine q(11).
-2
Let d(i) = -11*i**2 - 5*i + 5. Let n(f) = 3*f**2 - f**2 + 48*f - 48*f. Let s(h) = d(h) + 5*n(h). Let c = -14 + 7. What is s(c)?
-9
Let z(q) be the first derivative of 0*q + 7 - 1/2*q**2. Calculate z(-7).
7
Let a(p) be the third derivative of -p**5/30 - p**4/3 + 3435*p**2. Calculate a(-2).
8
Let t(m) = -3*m + 21. Let w be t(21). Let v = w - -45. Let g(x) = 10*x - 4 - 5*x**2 - 2*x**2 + 13*x**3 - 14*x**v. Give g(-8).
-20
Let d = -37 - -39. Let k(b) = 5*b**d - 6*b**3 - 3*b**2 - b**2 - 2*b**2 - 5*b**3 + b. Give k(1).
-11
Let r(t) = -34*t - 3. Let d be -9 - (-9 + -7 - -5). Determine r(d).
-71
Let d(r) = -4*r + 13 - 3 + 23*r - 3*r. Let w be d(-7). Let x = w - -98. Let t(g) = g. Calculate t(x).
-4
Suppose -6*p + 0*t + 3 = t, -3*p = -5*t - 18. Let s(v) = -v + 4. What is s(p)?
3
Let y(k) = 323*k - 11. Let j(f) = -592*f + 20. Let m(b) = 6*j(b) + 11*y(b). Let s = -1 + -1. Let q(h) = -1. Let x(w) = s*m(w) + q(w). Give x(5).
-9
Let q(t) be the first derivative of -2*t + 62 + t**2 - 8*t**2 + 2*t**2. Determine q(-3).
28
Suppose 1732 - 1706 = -13*x. Let o(h) = 29*h + 32. What is o(x)?
-26
Let t(u) be the third derivative of u**5/10 + u**2. Suppose 0 = -2*q - 2*k + 20, 263*k = 2*q + 266*k - 29. Determine t(q).
6
Let c(d) be the third derivative of -d**4/6 - d**3/2 + 1458*d**2. Let u be -5*1*1 - 0. What is c(u)?
17
Let i(q) be the third derivative of q**5/30 - 5*q**4/6 - 7*q**3/3 + 1259*q**2 + 2. What is i(11)?
8
Let t(p) be the second derivative of p**4/24 - 5*p**2 - 17*p. Let s(m) be the first derivative of t(m). Give s(-6).
-6
Let p(w) = w**2 - 4*w + 34. Let t(i) = -4. Let r(z) = -p(z) - 5*t(z). Determine r(6).
-26
Let h = 17899 + -17881. Let g(k) = 6*k - 27. Determine g(h).
81
Let d(n) be the second derivative of n**6/120 - n**5/10 - n**4/24 + n**3 + 93*n**2/2 + 2*n - 8. Let l(g) be the first derivative of d(g). Give l(6).
0
Suppose -d - 39 = -4*r - 2*d, 0 = 5*r + 2*d - 51. Let i = r - 9. Let l(c) = 2*c**2 + 4*c - 14*c + 13 + i*c - c**2. Give l(9).
4
Let s(d) = 2*d - 5. Suppose -24*t = -28*t - 4. Let z(l) = -l**2 - l. Let u be z(t). Suppose -4*q + 18 = r, 0 = -2*q - u*r + 5*r + 20. What is s(q)?
5
Let d(n) be the first derivative of -5*n**3/3 + n + 2. Let i(a) = 26*a**2 + a - 6. Let l(s) = 11*d(s) + 2*i(s). Determine l(2).
-9
Let o(h) = 17*h**2 - 7. Let v(j) = -9*j**2 + 4. Let q be -8*(56/(-16))/(-7). Let l(x) = q*o(x) - 7*v(x). Determine l(-1).
-5
Let k(z) = -3*z**3 + 1. Let i(l) = 4 + 4 + l + l**2 - 9 + 5*l**3. Let r(d) = 4*i(d) + 7*k(d). Let n(u) = u**3 - 4*u**2 - 19*u + 75. Let w be n(5). Give r(w).
-2
Let u(w) be the first derivative of -w**5/40 + w**4/12 + 2*w**3 - 5*w**2 - 55. Let k(a) be the third derivative of u(a). Calculate k(9).
-25
Suppose -42*s - 30*s + 405 = 9*s. Let w(n) = n**3 - 4*n**2 - 6*n - 7. Give w(s).
-12
Let d(x) = -x**3 + 6*x**2 - 6*x - 6. Suppose 21 = -22*v + 131. Determine d(v).
-11
Let p = 221 + -216. Suppose 4*m = m - p*y - 68, m + 24 = -2*y. Let q(r) = -r**2 - 16*r - 4. Determine q(m).
-4
Let f(v) = -v**2 + v - 1. Let i = 126 - 137. Let n(j) = -j**2 - 11*j + 3. Let b be n(i). Suppose 5 = b*q - 4. Determine f(q).
-7
Let d = 4376 + -4370. Let w(z) be the first derivative of -z**4/4 + 2*z**3 + 3*z**2/2 - 5*z - 4. Calculate w(d).
13
Let u(n) = 87 - 677*n + 1296*n - 629*n. Calculate u(14).
-53
Let k(w) be the third derivative of -44 + 2/3*w**3 + 0*w - 2*w**2 + 1/12*w**4 - 1/60*w**5. Give k(-3).
-11
Let a(x) = 2*x**3 + 1623 - 1634 - 16*x**2 - 6*x**3 - 32*x + 2*x**3. Determine a(-5).
-1
Let g(v) be the third derivative of v**4/12 + v**3 - 3257*v**2. What is g(12)?
30
Let l(n) be the first derivative of -n**5/120 - n**4/4 + 4*n**3/3 + 3. Let a(h) be the third derivative of l(h). Let k = 7391 + -7399. Calculate a(k).
2
Let w(f) = -f**3 + 109 + 110 - 7*f + 102 - 10*f**2 + 215 - 525. Suppose -3*t - 13 = 14. Determine w(t).
-7
Let v(u) = -u**3 - 20*u**2 + 6. Suppose -3*b = -n - 65, -5*b = -b - 2*n - 84. Let l be (2 + 2 - b) + 5 + -6. What is v(l)?
6
Let g = -7522 + 7526. Let q(u) = -u**3 + u**2 + 13*u - 13. Determine q(g).
-9
Let z(d) = -17*d**2 - 11*d + 9. Let u(f) = 15*f**2 + 10*f - 9. Let l(r) = 8*u(r) + 7*z(r). Give l(6).
45
Let k(i) be the second derivative of 3*i**5/20 + i**4/3 + i**3/3 - i**2 - 15*i - 200. Give k(-2).
-14
Let r(y) be the third derivative of -1/60*y**6 - 138*y**2 - 1/60*y**5 + 1/2*y**3 + 0*y + 1/8*y**4 + 0. Determine r(-2).
9
Let z(v) = -223*v**2 + 109*v**2 - 45*v + 376 + 117*v**2 - 349. Determine z(14).
-15
Suppose 9*q + 537 = 132. Let x = q + 117. Let k(w) = 58 + x - 145 + w. Calculate k(0).
-15
Suppose 33*w + 1663 = -106 - 244. Let p(b) = 4*b + 241. Give p(w).
-3
Let b(h) = h**3 - 3*h**2 - 6*h + 5. Suppose -6*p = -4*p - 10. Let z(a) = -a**3 + 5*a**2 - a - 3. Let r be z(p). Let i be (14 - 13)/((-2)/r). Give b(i).
-3
Let n(p) = 3024*p + 3*p**2 - 43 + 39 - 6048*p + 3023*p. Let i(w) = -2*w**2 + 2*w + 3. Let h be 7/2 - (